{"id":11,"date":"2025-11-14T16:51:43","date_gmt":"2025-11-14T16:51:43","guid":{"rendered":"https:\/\/quantum.genetic.ai\/?page_id=11"},"modified":"2025-11-14T16:56:44","modified_gmt":"2025-11-14T16:56:44","slug":"inicio","status":"publish","type":"page","link":"https:\/\/quantum.genetic.ai\/","title":{"rendered":"Inicio"},"content":{"rendered":"<p>[et_pb_section fb_built=\u00bb1&#8243; theme_builder_area=\u00bbpost_content\u00bb _builder_version=\u00bb4.27.4&#8243; _module_preset=\u00bbdefault\u00bb][et_pb_row _builder_version=\u00bb4.27.4&#8243; _module_preset=\u00bbdefault\u00bb theme_builder_area=\u00bbpost_content\u00bb][et_pb_column _builder_version=\u00bb4.27.4&#8243; _module_preset=\u00bbdefault\u00bb type=\u00bb4_4&#8243; theme_builder_area=\u00bbpost_content\u00bb][et_pb_text _builder_version=\u00bb4.27.4&#8243; _module_preset=\u00bbdefault\u00bb theme_builder_area=\u00bbpost_content\u00bb hover_enabled=\u00bb0&#8243; sticky_enabled=\u00bb0&#8243;]<\/p>\n<h1 data-pm-slice=\"1 1 []\"><strong>Potencia tu Empresa con Computaci\u00f3n Cu\u00e1ntica y Algoritmos Gen\u00e9ticos<\/strong><\/h1>\n<p>[\/et_pb_text][\/et_pb_column][\/et_pb_row][et_pb_row _builder_version=\u00bb4.27.4&#8243; _module_preset=\u00bbdefault\u00bb theme_builder_area=\u00bbpost_content\u00bb column_structure=\u00bb3_5,2_5&#8243;][et_pb_column _builder_version=\u00bb4.27.4&#8243; _module_preset=\u00bbdefault\u00bb type=\u00bb3_5&#8243; theme_builder_area=\u00bbpost_content\u00bb][et_pb_text _builder_version=\u00bb4.27.4&#8243; _module_preset=\u00bbdefault\u00bb theme_builder_area=\u00bbpost_content\u00bb hover_enabled=\u00bb0&#8243; sticky_enabled=\u00bb0&#8243;]<\/p>\n<h2 data-pm-slice=\"1 1 []\"><span>Bienvenido al futuro de la tecnolog\u00eda<\/span><\/h2>\n<p><span> La computaci\u00f3n cu\u00e1ntica abre una nueva dimensi\u00f3n tecnol\u00f3gica, capaz de resolver problemas que antes eran inimaginables con ordenadores tradicionales. Utilizando propiedades \u00fanicas como la superposici\u00f3n y el entrelazamiento, ahora puedes llevar tu negocio m\u00e1s all\u00e1 del l\u00edmite.<\/span><\/p>\n<h2><span>Optimiza tus resultados como nunca antes<\/span><\/h2>\n<p><span> Imagina optimizar procesos empresariales en cuesti\u00f3n de minutos y con una precisi\u00f3n m\u00e1xima. Los algoritmos gen\u00e9ticos cu\u00e1nticos fusionan la adaptabilidad de los algoritmos gen\u00e9ticos con el poder revolucionario de la computaci\u00f3n cu\u00e1ntica, ofreciendo soluciones r\u00e1pidas, eficaces y sorprendentemente precisas.<\/span><\/p>\n<h2><span>Un salto cu\u00e1ntico para tu negocio<\/span><\/h2>\n<p><span> Sectores como la log\u00edstica, la medicina personalizada, las finanzas y la industria energ\u00e9tica ya est\u00e1n transform\u00e1ndose gracias a la computaci\u00f3n cu\u00e1ntica. Empresas log\u00edsticas optimizan rutas de entrega con precisi\u00f3n milim\u00e9trica, reduciendo tiempos y costos significativamente. En medicina personalizada, se dise\u00f1an tratamientos \u00fanicos mediante simulaciones cu\u00e1nticas avanzadas del ADN. Las instituciones financieras predicen con precisi\u00f3n sorprendente fluctuaciones en los mercados, minimizando riesgos y maximizando ganancias. Finalmente, En el sector energ\u00e9tico, las compa\u00f1\u00edas mejoran dr\u00e1sticamente la eficiencia en la generaci\u00f3n y distribuci\u00f3n de energ\u00edas renovables. Ahora es tu turno. Descubre c\u00f3mo puedes reducir costes, acelerar tu innovaci\u00f3n y superar a la competencia.<\/span><\/p>\n<h2><span>No esperes m\u00e1s para transformar tu negocio<\/span><\/h2>\n<p><span> Cont\u00e1ctanos hoy mismo y d\u00e9janos mostrarte el poder transformador de la computaci\u00f3n cu\u00e1ntica y los algoritmos gen\u00e9ticos cu\u00e1nticos.<\/span><\/p>\n<p>[\/et_pb_text][\/et_pb_column][et_pb_column _builder_version=\u00bb4.27.4&#8243; _module_preset=\u00bbdefault\u00bb type=\u00bb2_5&#8243; theme_builder_area=\u00bbpost_content\u00bb][et_pb_image src=\u00bbhttps:\/\/quantum.genetic.ai\/wp-content\/uploads\/2025\/11\/Qubit.jpg\u00bb _builder_version=\u00bb4.27.4&#8243; _module_preset=\u00bbdefault\u00bb theme_builder_area=\u00bbpost_content\u00bb title_text=\u00bbQubit\u00bb hover_enabled=\u00bb0&#8243; sticky_enabled=\u00bb0&#8243;][\/et_pb_image][\/et_pb_column][\/et_pb_row][\/et_pb_section]<\/p>\n","protected":false},"excerpt":{"rendered":"<p>Potencia tu Empresa con Computaci\u00f3n Cu\u00e1ntica y Algoritmos Gen\u00e9ticosBienvenido al futuro de la tecnolog\u00eda La computaci\u00f3n cu\u00e1ntica abre una nueva dimensi\u00f3n tecnol\u00f3gica, capaz de resolver problemas que antes eran inimaginables con ordenadores tradicionales. Utilizando propiedades \u00fanicas como la superposici\u00f3n y el entrelazamiento, ahora puedes llevar tu negocio m\u00e1s all\u00e1 del l\u00edmite. Optimiza tus resultados como [&hellip;]<\/p>\n","protected":false},"author":1,"featured_media":0,"parent":0,"menu_order":0,"comment_status":"closed","ping_status":"closed","template":"","meta":{"_et_pb_use_builder":"on","_et_pb_old_content":"","_et_gb_content_width":"","footnotes":""},"class_list":["post-11","page","type-page","status-publish","hentry"],"yoast_head":"<!-- This site is optimized with the Yoast SEO plugin v27.4 - https:\/\/yoast.com\/product\/yoast-seo-wordpress\/ -->\n<title>Inicio - GeneticAI Quantum Computing<\/title>\n<meta name=\"robots\" content=\"index, follow, max-snippet:-1, max-image-preview:large, max-video-preview:-1\" \/>\n<link rel=\"canonical\" href=\"https:\/\/quantum.genetic.ai\/\" \/>\n<meta property=\"og:locale\" content=\"es_ES\" \/>\n<meta property=\"og:type\" content=\"article\" \/>\n<meta property=\"og:title\" content=\"Inicio - GeneticAI Quantum Computing\" \/>\n<meta property=\"og:description\" content=\"Potencia tu Empresa con Computaci\u00f3n Cu\u00e1ntica y Algoritmos Gen\u00e9ticosBienvenido al futuro de la tecnolog\u00eda La computaci\u00f3n cu\u00e1ntica abre una nueva dimensi\u00f3n tecnol\u00f3gica, capaz de resolver problemas que antes eran inimaginables con ordenadores tradicionales. Utilizando propiedades \u00fanicas como la superposici\u00f3n y el entrelazamiento, ahora puedes llevar tu negocio m\u00e1s all\u00e1 del l\u00edmite. Optimiza tus resultados como [&hellip;]\" \/>\n<meta property=\"og:url\" content=\"https:\/\/quantum.genetic.ai\/\" \/>\n<meta property=\"og:site_name\" content=\"GeneticAI Quantum Computing\" \/>\n<meta property=\"article:modified_time\" content=\"2025-11-14T16:56:44+00:00\" \/>\n<meta name=\"twitter:card\" content=\"summary_large_image\" \/>\n<script type=\"application\/ld+json\" class=\"yoast-schema-graph\">{\"@context\":\"https:\\\/\\\/schema.org\",\"@graph\":[{\"@type\":\"WebPage\",\"@id\":\"https:\\\/\\\/quantum.genetic.ai\\\/\",\"url\":\"https:\\\/\\\/quantum.genetic.ai\\\/\",\"name\":\"Inicio - GeneticAI Quantum Computing\",\"isPartOf\":{\"@id\":\"https:\\\/\\\/quantum.genetic.ai\\\/#website\"},\"datePublished\":\"2025-11-14T16:51:43+00:00\",\"dateModified\":\"2025-11-14T16:56:44+00:00\",\"breadcrumb\":{\"@id\":\"https:\\\/\\\/quantum.genetic.ai\\\/#breadcrumb\"},\"inLanguage\":\"es\",\"potentialAction\":[{\"@type\":\"ReadAction\",\"target\":[\"https:\\\/\\\/quantum.genetic.ai\\\/\"]}]},{\"@type\":\"BreadcrumbList\",\"@id\":\"https:\\\/\\\/quantum.genetic.ai\\\/#breadcrumb\",\"itemListElement\":[{\"@type\":\"ListItem\",\"position\":1,\"name\":\"Portada\",\"item\":\"https:\\\/\\\/quantum.genetic.ai\\\/\"},{\"@type\":\"ListItem\",\"position\":2,\"name\":\"Inicio\"}]},{\"@type\":\"WebSite\",\"@id\":\"https:\\\/\\\/quantum.genetic.ai\\\/#website\",\"url\":\"https:\\\/\\\/quantum.genetic.ai\\\/\",\"name\":\"GeneticAI Quantum Computing\",\"description\":\"\",\"potentialAction\":[{\"@type\":\"SearchAction\",\"target\":{\"@type\":\"EntryPoint\",\"urlTemplate\":\"https:\\\/\\\/quantum.genetic.ai\\\/?s={search_term_string}\"},\"query-input\":{\"@type\":\"PropertyValueSpecification\",\"valueRequired\":true,\"valueName\":\"search_term_string\"}}],\"inLanguage\":\"es\"}]}<\/script>\n<!-- \/ Yoast SEO plugin. -->","yoast_head_json":{"title":"Inicio - GeneticAI Quantum Computing","robots":{"index":"index","follow":"follow","max-snippet":"max-snippet:-1","max-image-preview":"max-image-preview:large","max-video-preview":"max-video-preview:-1"},"canonical":"https:\/\/quantum.genetic.ai\/","og_locale":"es_ES","og_type":"article","og_title":"Inicio - GeneticAI Quantum Computing","og_description":"Potencia tu Empresa con Computaci\u00f3n Cu\u00e1ntica y Algoritmos Gen\u00e9ticosBienvenido al futuro de la tecnolog\u00eda La computaci\u00f3n cu\u00e1ntica abre una nueva dimensi\u00f3n tecnol\u00f3gica, capaz de resolver problemas que antes eran inimaginables con ordenadores tradicionales. Utilizando propiedades \u00fanicas como la superposici\u00f3n y el entrelazamiento, ahora puedes llevar tu negocio m\u00e1s all\u00e1 del l\u00edmite. Optimiza tus resultados como [&hellip;]","og_url":"https:\/\/quantum.genetic.ai\/","og_site_name":"GeneticAI Quantum Computing","article_modified_time":"2025-11-14T16:56:44+00:00","twitter_card":"summary_large_image","schema":{"@context":"https:\/\/schema.org","@graph":[{"@type":"WebPage","@id":"https:\/\/quantum.genetic.ai\/","url":"https:\/\/quantum.genetic.ai\/","name":"Inicio - GeneticAI Quantum Computing","isPartOf":{"@id":"https:\/\/quantum.genetic.ai\/#website"},"datePublished":"2025-11-14T16:51:43+00:00","dateModified":"2025-11-14T16:56:44+00:00","breadcrumb":{"@id":"https:\/\/quantum.genetic.ai\/#breadcrumb"},"inLanguage":"es","potentialAction":[{"@type":"ReadAction","target":["https:\/\/quantum.genetic.ai\/"]}]},{"@type":"BreadcrumbList","@id":"https:\/\/quantum.genetic.ai\/#breadcrumb","itemListElement":[{"@type":"ListItem","position":1,"name":"Portada","item":"https:\/\/quantum.genetic.ai\/"},{"@type":"ListItem","position":2,"name":"Inicio"}]},{"@type":"WebSite","@id":"https:\/\/quantum.genetic.ai\/#website","url":"https:\/\/quantum.genetic.ai\/","name":"GeneticAI Quantum Computing","description":"","potentialAction":[{"@type":"SearchAction","target":{"@type":"EntryPoint","urlTemplate":"https:\/\/quantum.genetic.ai\/?s={search_term_string}"},"query-input":{"@type":"PropertyValueSpecification","valueRequired":true,"valueName":"search_term_string"}}],"inLanguage":"es"}]}},"_links":{"self":[{"href":"https:\/\/quantum.genetic.ai\/index.php?rest_route=\/wp\/v2\/pages\/11","targetHints":{"allow":["GET"]}}],"collection":[{"href":"https:\/\/quantum.genetic.ai\/index.php?rest_route=\/wp\/v2\/pages"}],"about":[{"href":"https:\/\/quantum.genetic.ai\/index.php?rest_route=\/wp\/v2\/types\/page"}],"author":[{"embeddable":true,"href":"https:\/\/quantum.genetic.ai\/index.php?rest_route=\/wp\/v2\/users\/1"}],"replies":[{"embeddable":true,"href":"https:\/\/quantum.genetic.ai\/index.php?rest_route=%2Fwp%2Fv2%2Fcomments&post=11"}],"version-history":[{"count":3,"href":"https:\/\/quantum.genetic.ai\/index.php?rest_route=\/wp\/v2\/pages\/11\/revisions"}],"predecessor-version":[{"id":18,"href":"https:\/\/quantum.genetic.ai\/index.php?rest_route=\/wp\/v2\/pages\/11\/revisions\/18"}],"wp:attachment":[{"href":"https:\/\/quantum.genetic.ai\/index.php?rest_route=%2Fwp%2Fv2%2Fmedia&parent=11"}],"curies":[{"name":"wp","href":"https:\/\/api.w.org\/{rel}","templated":true}]}}